{"id":2226,"date":"2020-02-13T11:54:23","date_gmt":"2020-02-13T11:54:23","guid":{"rendered":"http:\/\/heinrichsgruppe.de\/?page_id=2226"},"modified":"2021-07-01T07:41:01","modified_gmt":"2021-07-01T07:41:01","slug":"schaeferwagen-milbenstube","status":"publish","type":"page","link":"https:\/\/milbenstube.de\/?page_id=2226","title":{"rendered":"Kontakt"},"content":{"rendered":"<div class=\"csc-header csc-header-n1\">\n<h3>So erreichen Sie uns:<\/h3>\n<table style=\"width: 993px;\">\n<tbody>\n<tr>\n<td style=\"width: 262px;\"><strong>Telefon<\/strong><\/td>\n<td style=\"width: 718px;\"><\/td>\n<\/tr>\n<tr>\n<td style=\"width: 262px;\">Pension &amp; Caf\u00e9-Wirtschaft<\/td>\n<td style=\"width: 718px;\">039247 &#8211; 94 92 90<\/td>\n<\/tr>\n<tr>\n<td style=\"width: 262px;\">Verwaltung \/ B\u00fcro<\/td>\n<td style=\"width: 718px;\">039247 &#8211; 94 10 60<\/td>\n<\/tr>\n<tr>\n<td style=\"width: 262px;\"><\/td>\n<td style=\"width: 718px;\"><\/td>\n<\/tr>\n<tr>\n<td style=\"width: 262px;\"><\/td>\n<td style=\"width: 718px;\"><\/td>\n<\/tr>\n<tr>\n<td style=\"width: 262px;\"><strong>Telefax<\/strong><\/td>\n<td style=\"width: 718px;\"><\/td>\n<\/tr>\n<tr>\n<td style=\"width: 262px;\">Verwaltung \/ B\u00fcro<\/td>\n<td style=\"width: 718px;\">039247 &#8211; 94 10 69<\/td>\n<\/tr>\n<tr>\n<td style=\"width: 262px;\"><\/td>\n<td style=\"width: 718px;\"><\/td>\n<\/tr>\n<tr>\n<td style=\"width: 262px;\"><strong>E-Mail<\/strong><\/td>\n<td style=\"width: 718px;\">kontakt@heinrichsgruppe.de<\/td>\n<\/tr>\n<tr>\n<td style=\"width: 262px;\"><\/td>\n<td style=\"width: 718px;\"><\/td>\n<\/tr>\n<\/tbody>\n<\/table>\n<h3><\/h3>\n<h3>\u00a0Kontaktformular f\u00fcr Ihre Anfrage<\/h3>\n<\/div>\n<p class=\"bodytext\">Vielen Dank f\u00fcr den Besuch unserer Website. Wenn Sie noch Fragen zu unserem Angebot haben oder W\u00fcnsche, f\u00fcllen Sie einfach unten stehendes Formular aus und senden Sie es an uns. Selbstverst\u00e4ndlich k\u00f6nnen Sie auch eine <a href=\"mailto:kontakt@heinrichsgruppe.de\">E-Mail<\/a> an uns senden. Sie erhalten in jedem Fall kurzfristig eine Antwort von uns.<\/p>\n<p>&nbsp;<\/p>\n<p style=\"text-align: center;\">\n<div class=\"wpcf7 no-js\" id=\"wpcf7-f2271-o1\" lang=\"de-DE\" dir=\"ltr\" data-wpcf7-id=\"2271\">\n<div class=\"screen-reader-response\"><p role=\"status\" aria-live=\"polite\" aria-atomic=\"true\"><\/p> <ul><\/ul><\/div>\n<form action=\"\/index.php?rest_route=%2Fwp%2Fv2%2Fpages%2F2226#wpcf7-f2271-o1\" method=\"post\" class=\"wpcf7-form init\" aria-label=\"Kontaktformular\" novalidate=\"novalidate\" data-status=\"init\">\n<fieldset class=\"hidden-fields-container\"><input type=\"hidden\" name=\"_wpcf7\" value=\"2271\" \/><input type=\"hidden\" name=\"_wpcf7_version\" value=\"6.1.5\" \/><input type=\"hidden\" name=\"_wpcf7_locale\" value=\"de_DE\" \/><input type=\"hidden\" name=\"_wpcf7_unit_tag\" value=\"wpcf7-f2271-o1\" \/><input type=\"hidden\" name=\"_wpcf7_container_post\" value=\"0\" \/><input type=\"hidden\" name=\"_wpcf7_posted_data_hash\" value=\"\" \/>\n<\/fieldset>\n<p><span id=\"wpcf7-69fa9d5069974-wrapper\" class=\"wpcf7-form-control-wrap Vorname-wrap\" style=\"display:none !important; visibility:hidden !important;\"><label for=\"wpcf7-69fa9d5069974-field\" class=\"hp-message\">Bitte lasse dieses Feld leer.<\/label><input id=\"wpcf7-69fa9d5069974-field\"  class=\"wpcf7-form-control wpcf7-text\" type=\"text\" name=\"Vorname\" value=\"\" size=\"40\" tabindex=\"-1\" autocomplete=\"new-password\" \/><\/span><br \/>\n<span id=\"wpcf7-69fa9d50699d1-wrapper\" class=\"wpcf7-form-control-wrap Name-wrap\" style=\"display:none !important; visibility:hidden !important;\"><label for=\"wpcf7-69fa9d50699d1-field\" class=\"hp-message\">Bitte lasse dieses Feld leer.<\/label><input id=\"wpcf7-69fa9d50699d1-field\"  class=\"wpcf7-form-control wpcf7-text\" type=\"text\" name=\"Name\" value=\"\" size=\"40\" tabindex=\"-1\" autocomplete=\"new-password\" \/><\/span>\n<\/p>\n<p><label> Ihr Name (Pflichtfeld)<br \/>\n<span class=\"wpcf7-form-control-wrap\" data-name=\"your-name\"><input size=\"40\" maxlength=\"400\" class=\"wpcf7-form-control wpcf7-text wpcf7-validates-as-required\" aria-required=\"true\" aria-invalid=\"false\" value=\"\" type=\"text\" name=\"your-name\" \/><\/span> <\/label>\n<\/p>\n<p><label> Ihre E-Mail-Adresse (Pflichtfeld)<br \/>\n<span class=\"wpcf7-form-control-wrap\" data-name=\"your-email\"><input size=\"40\" maxlength=\"400\" class=\"wpcf7-form-control wpcf7-email wpcf7-validates-as-required wpcf7-text wpcf7-validates-as-email\" aria-required=\"true\" aria-invalid=\"false\" value=\"\" type=\"email\" name=\"your-email\" \/><\/span> <\/label>\n<\/p>\n<p><label> Rufnummer (Pflichtfeld)<br \/>\n<span class=\"wpcf7-form-control-wrap\" data-name=\"Telefon\"><input size=\"40\" maxlength=\"400\" class=\"wpcf7-form-control wpcf7-tel wpcf7-text wpcf7-validates-as-tel\" aria-invalid=\"false\" value=\"\" type=\"tel\" name=\"Telefon\" \/><\/span> <\/label>\n<\/p>\n<p><label> Betreff<br \/>\n<span class=\"wpcf7-form-control-wrap\" data-name=\"your-subject\"><input size=\"40\" maxlength=\"400\" class=\"wpcf7-form-control wpcf7-text\" aria-invalid=\"false\" value=\"\" type=\"text\" name=\"your-subject\" \/><\/span> <\/label>\n<\/p>\n<p><label> Ihre Nachricht<br \/>\n<span class=\"wpcf7-form-control-wrap\" data-name=\"your-message\"><textarea cols=\"40\" rows=\"10\" maxlength=\"2000\" class=\"wpcf7-form-control wpcf7-textarea\" aria-invalid=\"false\" name=\"your-message\"><\/textarea><\/span> <\/label>\n<\/p>\n<p><span class=\"wpcf7-form-control-wrap\" data-name=\"your-consent\"><span class=\"wpcf7-form-control wpcf7-acceptance\"><span class=\"wpcf7-list-item\"><label><input type=\"checkbox\" name=\"your-consent\" value=\"1\" aria-invalid=\"false\" \/><span class=\"wpcf7-list-item-label\">Ich habe die <a href=\"https:\/\/milbenstube.de\/?page_id=2278\">Datenschutzerkl\u00e4rung<\/a> zur Kenntnis genommen. Ich stimme zu, dass meine Angaben zu Kontaktaufnahme und f\u00fcr R\u00fcckfragen dauerhaft gespeichert werden.<\/span><\/label><\/span><\/span><\/span>\n<\/p>\n<p><input class=\"wpcf7-form-control wpcf7-submit has-spinner\" type=\"submit\" value=\"Senden\" \/>\n<\/p><div class=\"wpcf7-response-output\" aria-hidden=\"true\"><\/div>\n<\/form>\n<\/div>\n<\/p>\n<p>&nbsp;<\/p>\n","protected":false},"excerpt":{"rendered":"<p>So erreichen Sie uns: Telefon Pension &amp; Caf\u00e9-Wirtschaft 039247 &#8211; 94 92 90 Verwaltung \/ B\u00fcro 039247 &#8211; 94 10 60 Telefax Verwaltung \/ B\u00fcro 039247 &#8211; 94 10 69 E-Mail kontakt@heinrichsgruppe.de \u00a0Kontaktformular f\u00fcr Ihre Anfrage Vielen Dank f\u00fcr den Besuch unserer Website. Wenn Sie noch Fragen zu unserem Angebot haben oder W\u00fcnsche, f\u00fcllen Sie [&hellip;]<\/p>\n","protected":false},"author":1,"featured_media":2257,"parent":0,"menu_order":0,"comment_status":"closed","ping_status":"closed","template":"","meta":{"footnotes":""},"class_list":["post-2226","page","type-page","status-publish","has-post-thumbnail","hentry"],"_links":{"self":[{"href":"https:\/\/milbenstube.de\/index.php?rest_route=\/wp\/v2\/pages\/2226","targetHints":{"allow":["GET"]}}],"collection":[{"href":"https:\/\/milbenstube.de\/index.php?rest_route=\/wp\/v2\/pages"}],"about":[{"href":"https:\/\/milbenstube.de\/index.php?rest_route=\/wp\/v2\/types\/page"}],"author":[{"embeddable":true,"href":"https:\/\/milbenstube.de\/index.php?rest_route=\/wp\/v2\/users\/1"}],"replies":[{"embeddable":true,"href":"https:\/\/milbenstube.de\/index.php?rest_route=%2Fwp%2Fv2%2Fcomments&post=2226"}],"version-history":[{"count":7,"href":"https:\/\/milbenstube.de\/index.php?rest_route=\/wp\/v2\/pages\/2226\/revisions"}],"predecessor-version":[{"id":2310,"href":"https:\/\/milbenstube.de\/index.php?rest_route=\/wp\/v2\/pages\/2226\/revisions\/2310"}],"wp:featuredmedia":[{"embeddable":true,"href":"https:\/\/milbenstube.de\/index.php?rest_route=\/wp\/v2\/media\/2257"}],"wp:attachment":[{"href":"https:\/\/milbenstube.de\/index.php?rest_route=%2Fwp%2Fv2%2Fmedia&parent=2226"}],"curies":[{"name":"wp","href":"https:\/\/api.w.org\/{rel}","templated":true}]}}