{"id":2242,"date":"2020-03-02T18:36:41","date_gmt":"2020-03-02T18:36:41","guid":{"rendered":"https:\/\/milbenstube.de\/?page_id=2242"},"modified":"2025-05-23T11:21:53","modified_gmt":"2025-05-23T11:21:53","slug":"startseite","status":"publish","type":"page","link":"https:\/\/milbenstube.de\/","title":{"rendered":"Startseite"},"content":{"rendered":"<h4 style=\"text-align: center;\"><\/h4>\n<h1 style=\"text-align: center;\">\u00dcbernachten im Sch\u00e4ferwagen<\/h1>\n<h3 style=\"text-align: center;\">in Heinrich&#8217;s Milbenstube im Mitteldeutschen Dreifl\u00fcsse-Eck<\/h3>\n<p>&nbsp;<\/p>\n<p style=\"text-align: center;\"><img loading=\"lazy\" decoding=\"async\" class=\"alignnone wp-image-2305\" src=\"https:\/\/milbenstube.de\/wp-content\/uploads\/2021\/05\/Milbenstube-1024x609-1.png\" alt=\"\" width=\"469\" height=\"279\" srcset=\"https:\/\/milbenstube.de\/wp-content\/uploads\/2021\/05\/Milbenstube-1024x609-1.png 1024w, https:\/\/milbenstube.de\/wp-content\/uploads\/2021\/05\/Milbenstube-1024x609-1-300x178.png 300w, https:\/\/milbenstube.de\/wp-content\/uploads\/2021\/05\/Milbenstube-1024x609-1-768x457.png 768w\" sizes=\"auto, (max-width: 469px) 100vw, 469px\" \/><br \/>\nIm Nuthegarten der Heinrich&#8217;s Caf\u00e9-Wirtschaft kann man romantische N\u00e4chte verbringen!<\/p>\n<p><a href=\"https:\/\/pension.heinrichsgruppe.de\/accommodation\/schaeferwagen-milbenstube\/\" target=\"_blank\" rel=\"noopener\"><img loading=\"lazy\" decoding=\"async\" class=\"aligncenter wp-image-2312\" src=\"https:\/\/milbenstube.de\/wp-content\/uploads\/2021\/07\/buchen.png\" alt=\"\" width=\"215\" height=\"68\" srcset=\"https:\/\/milbenstube.de\/wp-content\/uploads\/2021\/07\/buchen.png 937w, https:\/\/milbenstube.de\/wp-content\/uploads\/2021\/07\/buchen-300x95.png 300w, https:\/\/milbenstube.de\/wp-content\/uploads\/2021\/07\/buchen-768x243.png 768w\" sizes=\"auto, (max-width: 215px) 100vw, 215px\" \/><\/a><\/p>\n<p>&nbsp;<\/p>\n<p>Die Milbenstube wartet im sch\u00f6nen Nuthegarten, in dem sich unter anderem die Heinrich&#8217;s Tierwelten (Kanarienwelt, Hasenwelt und H\u00fchnerwelt) befinden. Das echte Natur-pur Gef\u00fchl gibt es beim Baden im Flu\u00df, n\u00e4chtlichem Sterne z\u00e4hlen oder Wandern durch die herrliche Auenlandschaft.<\/p>\n<p>Sie wollen dem Alltagsstress entfliehen und einmal richtig entspannen?<br \/>\nSie suchen einen Ort f\u00fcr ein perfektes Vater-Sohn oder Mutter-Tochter Wochenende?<br \/>\nSie sind einfach nur neugierig und wollen einmal die &#8222;etwas andere \u00dcbernachtung&#8220; probieren?<br \/>\nSie sind ein Preisbewusster Typ und suchen ein g\u00fcnstiges Angebot f\u00fcr eine \u00dcbernachtung?<\/p>\n<p>Dann ist unsere Milbenstube genau das richtige f\u00fcr Sie!<br \/>\nReduziert auf das Wesentliche finden Sie in Heinrich&#8217;s Milbenstube alles Notwendige auf nur 5 x 2m.<\/p>\n<p><img loading=\"lazy\" decoding=\"async\" class=\"wp-image-3553 aligncenter\" src=\"https:\/\/milbenstube.de\/wp-content\/uploads\/2025\/05\/Milbe-1024x716.jpg\" alt=\"\" width=\"641\" height=\"448\" srcset=\"https:\/\/milbenstube.de\/wp-content\/uploads\/2025\/05\/Milbe-1024x716.jpg 1024w, https:\/\/milbenstube.de\/wp-content\/uploads\/2025\/05\/Milbe-300x210.jpg 300w, https:\/\/milbenstube.de\/wp-content\/uploads\/2025\/05\/Milbe-768x537.jpg 768w, https:\/\/milbenstube.de\/wp-content\/uploads\/2025\/05\/Milbe-1536x1074.jpg 1536w, https:\/\/milbenstube.de\/wp-content\/uploads\/2025\/05\/Milbe-2048x1433.jpg 2048w\" sizes=\"auto, (max-width: 641px) 100vw, 641px\" \/><\/p>\n<p style=\"text-align: center;\">Fr\u00fchst\u00fcck (wenn gebucht) erhalten Sie im Nebengeb\u00e4ude unserer <a href=\"http:\/\/heinrichsgruppe.de\" target=\"_blank\" rel=\"noopener noreferrer\">HEINRICH&#8217;S CAF\u00c9-WIRTSCHAFT<\/a>.<\/p>\n<p><center><br \/>\n<iframe loading=\"lazy\" title=\"YouTube video player\" src=\"https:\/\/www.youtube.com\/embed\/Az09xT58akk\" width=\"560\" height=\"315\" frameborder=\"0\" allowfullscreen=\"allowfullscreen\"><\/iframe><\/center>&nbsp;<\/p>\n","protected":false},"excerpt":{"rendered":"<p>\u00dcbernachten im Sch\u00e4ferwagen in Heinrich&#8217;s Milbenstube im Mitteldeutschen Dreifl\u00fcsse-Eck &nbsp; Im Nuthegarten der Heinrich&#8217;s Caf\u00e9-Wirtschaft kann man romantische N\u00e4chte verbringen! &nbsp; Die Milbenstube wartet im sch\u00f6nen Nuthegarten, in dem sich unter anderem die Heinrich&#8217;s Tierwelten (Kanarienwelt, Hasenwelt und H\u00fchnerwelt) befinden. Das echte Natur-pur Gef\u00fchl gibt es beim Baden im Flu\u00df, n\u00e4chtlichem Sterne z\u00e4hlen oder Wandern [&hellip;]<\/p>\n","protected":false},"author":1,"featured_media":2228,"parent":0,"menu_order":0,"comment_status":"closed","ping_status":"closed","template":"","meta":{"footnotes":""},"class_list":["post-2242","page","type-page","status-publish","has-post-thumbnail","hentry"],"_links":{"self":[{"href":"https:\/\/milbenstube.de\/index.php?rest_route=\/wp\/v2\/pages\/2242","targetHints":{"allow":["GET"]}}],"collection":[{"href":"https:\/\/milbenstube.de\/index.php?rest_route=\/wp\/v2\/pages"}],"about":[{"href":"https:\/\/milbenstube.de\/index.php?rest_route=\/wp\/v2\/types\/page"}],"author":[{"embeddable":true,"href":"https:\/\/milbenstube.de\/index.php?rest_route=\/wp\/v2\/users\/1"}],"replies":[{"embeddable":true,"href":"https:\/\/milbenstube.de\/index.php?rest_route=%2Fwp%2Fv2%2Fcomments&post=2242"}],"version-history":[{"count":11,"href":"https:\/\/milbenstube.de\/index.php?rest_route=\/wp\/v2\/pages\/2242\/revisions"}],"predecessor-version":[{"id":3554,"href":"https:\/\/milbenstube.de\/index.php?rest_route=\/wp\/v2\/pages\/2242\/revisions\/3554"}],"wp:featuredmedia":[{"embeddable":true,"href":"https:\/\/milbenstube.de\/index.php?rest_route=\/wp\/v2\/media\/2228"}],"wp:attachment":[{"href":"https:\/\/milbenstube.de\/index.php?rest_route=%2Fwp%2Fv2%2Fmedia&parent=2242"}],"curies":[{"name":"wp","href":"https:\/\/api.w.org\/{rel}","templated":true}]}}